14 + (-31 - -12) - (-2 - -1)
-4
What is -5 + (4 + -12 - -4 - -5)?
-4
13 - 1 - 9 - (0 + 9)
-6
Evaluate 0 + -3 - -2 - (-16 - -18).
-3
Evaluate 4 + (-8 + 2 - -6).
4
Evaluate -1 - 1 - (-27 - -31).
-6
Calculate 1 - 5 - (2 + -1).
-5
Evaluate 4 + (4 - 14) + 2.
-4
What is 1 + -4 + (15 - 12)?
0
Evaluate (-3 - (2 - 4)) + (6 - 10).
-5
Calculate 2 - (-6 - (2 + 2 + -6)).
6
Evaluate 1 + -3 + (0 - 2).
-4
(3 - 0) + -43 + 34
-6
What is 16 - 13 - (2 - (3 + -13))?
-9
What is 50 + -62 - (0 + -4)?
-8
(-6 + 0 - -17) + -20
-9
Evaluate (11 - 12) + 0 + 2.
1
What is 1 + 3 - (22 + -25)?
7
-2 - (-1 + (-2 - (1 - -2)))
4
-2 - 2 - (-7 + 0)
3
Calculate (12 - -3) + 76 + -101.
-10
Calculate -2 + (1 + -8 - -7).
-2
What is 0 + 1 - (-23 - -27) - 1?
-4
What is the value of -1 + -2 + (-10 - -15)?
2
What is 3 - (-4 + 0 - -1 - -5)?
1
What is 0 + 3 + -3 - (9 - 7)?
-2
What is -7 - ((-11 - -3) + 2)?
-1
Evaluate -2 + (-2 - -6) + -4.
-2
-15 + 6 + 4 + -1
-6
Calculate 6 + (0 - 3) + 1.
4
-7 + 4 + 3 - 1
-1
What is the value of -2 + (1 + (2 - 1) - 2)?
-2
Calculate -5 - 7 - (-16 + 11).
-7
Evaluate 10 + -13 - -6 - (-1 + -3).
7
Calculate (-37 - -36) + 9 + 0.
8
Evaluate (4 - (1 + -2)) + -3 + 1.
3
Calculate 11 - (2 - (-4 - (-6 - -5))).
6
What is -13 + 16 + -10 - (-1 + -10)?
4
What is -1 + 0 + (3 - 3) + 1?
0
What is the value of 4 + ((0 - -5) + -5 - 1)?
3
What is 0 + -2 + 3 + 4?
5
What is the value of -5 - (1 - (-4 + 2 - -3))?
-5
11 + -7 + 3 + -1
6
What is the value of (119 - 120) + (-4 - (0 - 1))?
-4
Calculate 6 - 2 - 4 - -5.
5
(-1 - (3 + -4)) + -2
-2
What is the value of 6 + -3 + -9 - -4 - -1?
-1
What is the value of 17 - (7 - -1) - 3?
6
1 + -1 + -6 + 3 + 2
-1
What is -3 - (3 + 5 + -14 - -10)?
-7
(0 - -7) + -6 + 6 + -3
4
What is -7 - (24 + -30 - (3 + -1))?
1
-4 - -4 - (0 - 5)
5
Evaluate 5 + (2 - 3 - -3 - 10).
-3
Calculate -3 - ((2 - 4) + 3).
-4
5 + -3 + (-2 + 5 - -4)
9
What is the value of -1 - -2 - 2 - (78 + -73)?
-6
Evaluate -1 + -10 - (-229 + 227).
-9
Evaluate 3 + (10 - (4 + -2) - 4).
7
28 - 25 - (3 + 0)
0
1 - (8 + (-2 - (17 + -8)))
4
Calculate -1 - 5 - ((16 - 2) + -10).
-10
Evaluate -4 + -1 + 0 - (-8 - 7).
10
What is 2 - 1 - 2 - (5 - 11)?
5
(2 - 5) + 2 + 0 + 5
4
What is the value of (2 - (2 - 4) - 3) + 4?
5
What is 4 + (1 - 0 - 3)?
2
Calculate -2 + (-1 - (-1 + 3)) + 3.
-2
What is (-5 - (-13 - -10)) + (-2 - -1)?
-3
Evaluate -8 + 1 - (-3 - 2).
-2
What is the value of (-8 - -8) + 13 + -8?
5
Evaluate 1 + -14 + 2 - -7.
-4
0 - ((2 - 7) + (-3 - -4))
4
What is 14 + (21 - 31) - (11 - 0)?
-7
-8 - (0 + -4) - (-2 + 0)
-2
Calculate -11 - (4 + -5) - -9.
-1
Calculate -4 + 0 - (2 + 3 + -3).
-6
What is the value of (44 - 40) + (-12 - 1) - -17?
8
What is (-6 + 9 - 10) + 10?
3
Calculate 1 - 0 - (-17 + (-12 - -28)).
2
Evaluate 4 + 3 + -6 + -3 - -4.
2
(8 - 10 - -7) + -5
0
What is -2 - -5 - 5 - -6?
4
Calculate 6 + 3 - -6 - (-1 - -8).
8
Calculate -1 - ((8 - 3) + -9).
3
What is the value of (-2 + 1 - (-1 - 3)) + -5?
-2
(-33 - -35) + 1 + 5 + 1
9
What is 4 - (-1 - -5 - (-1 + 0))?
-1
What is 4 - (22 + -17 + (2 - 1))?
-2
0 + 3 + 0 + (3 - -1)
7
Calculate 5 + (3 - (3 - -8 - 2)).
-1
0 + (6 - 11 - -12)
7
7 - -1 - (33 + -28)
3
What is the value of 7 - ((11 - 7) + -5)?
8
Calculate 0 - (-1 - 3 - -8).
-4
1 + -3 - (-8 + 6)
0
What is 42 + -32 + -4 + 0?
6
Evaluate -4 + 0 - (-2 - 0) - -6.
4
Calculate -1 - (10 + -4) - (-9 + -1).
3
What is 4 - (-5 - -9) - (-2 - 0)?
2
-12 - -13 - (9 - (4 - 2))
-6
What is the value of 0 + (3 - -10) + -5 - 3?
5
What is the value of -2 + -20 + 12 + 2?
-8
-7 - (-13 - -1) - 3
2
What is the value of -6 - -2 - (-1 + -3 + 5)?
-5
Calculate 3 + -6 + 2 + 6 + -3.
2
Calculate -1 - (-3 - 2 - 0).
4
What is the value of 0 + -1 + -2 + 0?
-3
What is (-51 - -45) + 4 + 4?
2
Calculate -3 - 1 - (-13 - -13).
-4
Evaluate -34 + 29 - (4 - 1).
-8
6 + -5 + 5 + 3 + -10
-1
What is (-3 - 13) + 5 + 2?
-9
Calculate -2 + 5 + (0 - 4) + -1.
-2
Evaluate -3 + -6 - (6 - 9).
-6
Evaluate 0 - (-3 - (-1 + 0) - -1).
1
What is the value of -8 + 10 + -4 - -3?
1
What is (1 - -4) + (-5 - -3)?
3
Evaluate 3 + -3 + 6 + -8.
-2
Evaluate 61 + -61 - (-6 - -1).
5
(-2 - (-2 + 3)) + 7 + -4
0
Evaluate 3 - (0 + 3 + -2).
2
Evaluate 4 + 0 + 8 + -9.
3
Calculate (-12 - -18 - (6 + 1)) + -2.
-3
What is the value of 0 + 3 - (1 - -8)?
-6
What is (4 - 3) + 7 - 4 - 3?
1
What is 4 + (-5 - -10) + -7?
2
Evaluate -2 + 0 - (7 + -10 + 5).
-4
Evaluate 1 + 13 + -7 + -9.
-2
Calculate (70 - 67) + 7 + 0.
10
What is the value of (1 - -2) + (-7 - (8 - 17))?
5
What is 52 + -52 - (1 + -6 + 0)?
5
What is the value of -1 + -2 - (9 - 18)?
6
What is the value of -12 - (5 - 11) - -8?
2
Calculate 0 - -1 - (11 + -19 - -3).
6
What is (1 - 2) + -1 + 0 + -1?
-3
Calculate 0 + 0 + (4 - 1 - 6).
-3
What is the value of (-3 + 2 - 1) + -12 + 7?
-7
Evaluate 0 + 2 - (6 + -4 + -4).
4
-7 - (-3 - 2) - -6
4
What is the value of -8 - -1 - (-7 + 0 + 10)?
-10
What is the value of -5 + -8 + (26 - 23)?
-10
What is the value of (12 + -5 - 3) + (1 - 2)?
3
1 - (4 - (1 - 3))
-5
What is -9 + 4 + 4 + 3?
2
Evaluate 13 + -10 - -4 - 5.
2
What is 0 - (11 + (-8 - -8))?
-11
(242 - 243) + 0 + 10
9
Calculate 1 + 2 - (0 + -1 + 6).
-2
Evaluate -3 - 1 - (0 + -9).
5
What is -1 + 1 + 13 + -8?
5
What is 8 + (-7 - (2 + -11 - -4))?
6
What is the value of -1 + -1 + (0 - -1) + -4?
-5
Calculate (-1 + 3 - 0 - 6) + 0.
-4
Calculate (4 - (-5 + 1)) + -3.
5
Calculate (0 - 1) + -4 - (-3 - 7).
5
Evaluate 4 + (0 + -8 - (-17 + 15)).
-2
What is the value of -7 + (-3 + 9 - -7)?
6
What is the value of 7 + 1 - (-30 + 37)?
1
Calculate (9 - (6 + -5) - -1) + 1.
10
-1 + (0 - 3) + 3 + -3
-4
What is -2 - ((52 - 47) + (-3 - 0))?
-4
What is the value of -5 + (4 - 2) + 4?
1
Evaluate -1 + 7 + (-2 - 2).
2
(-5 - (-11 - -9)) + -4
-7
9 - (7 - -1 - 2)
3
What is -5 + 5 - -3 - (3 + 0)?
0
What is -3 - (2 - -1) - -6?
0
What is (-2 - 4) + 2 + -12 + 8?
-8
Evaluate 17 - 17 - (5 - -2).
-7
Evaluate 1 - 3 - (0 + -3).
1
Calculate -2 + (14 + -7 - 5).
0
Evaluate -5 + (-6 + 9 - 6) + 3.
-5
Evaluate (-3 + 0 - -2) + -24 + 28.
3
What is 10 + 0 + 0 - 7?
3
What is the value of 0 + 7 - 2 - 3?
2
5 + 1 + -5 + 0
1
What is the value of 6 + (1 - -1 - (2 - -3))?
3
What is (-6 - 4) + 7 - (-8 + 2)?
3
Calculate 3 - (10 + -2) - -13.
8
What is the value of (-2 + 0 - (-18 + 14)) + 1?
3
Calculate -23 + 16 + 2 + 2.
-3
Calculate 5 + 8 + -4 - 10.
-1
Evaluate 4 - 6 - (4 + 0 - 2).
-4
Evaluate -61 - -60 - (-1 - (-3 - -1)).
-2
Calculate (11 - (5 - -10)) + 0 + 1.
-3
What is the value of (6 - (5 - 2)) + -5?
-2
Calculate 2 - (13 + (5 - 16)).
0
-6 - (-5 + (-3 - -7))
-5
Evaluate 4 + -16 + (-7 - (-1 + -9)).
-9
What is the value of 1 + 0 + 6 + (2 - 8)?
1
What is 7 - 2 - (0 - (8 - 8))?
5
(-7 - -5) + 9 + (-1 - 3)
3
-9 + -2 + 10 - (-2 - 0)
1
What is the value of 7 - (1 + (10 - 9))?
5
What is the value of (-2 - 2) + 21 + -12?
5
What is -1 + 4 - (-58 + 65)?
-4
Evaluate -12 + 15 - (-5 + 2) - 6.
0
What is the value of -5 + 0 + (16 - 18 - 1)?
-8
(-3 - (5 + -3)) + (5 - 5)
-5
What is the value of 8 + 8 + -11 - 1?
4
Evaluate -4 + 0 + -13 + 12.
-5
What is 6 + (-9 - (-10 + 4))?
3
What is 2 - 2 - (2 + 3 + 0)?
-5
What is 0 - (2 + -2 + -2 + 2)?
0
What is 6 - (0 - 1) - (40 + -38)?
5
Evaluate 5 + -2 + 0 + 223 + -231.
-5
Evaluate -1 - (-7 - -3) - -1.
4
Evaluate -1 + -3 + -1 + (3 - 3).
-5
What is 0 + (-2 - (-1 - (6 - 11)))?
-6
What is -1 + 0 - ((-6 - -2) + 9)?
-6
Evaluate 0 - 1 - (0 + -3).
2
What is -1 + 6 + -5 + 0?
0
Calculate 17 + (-5 - -2 - 7).
7
Evaluate -92 + 103 + -3 + 1.
9
What is the value of -2 + 1 + 7 - (-11 + 15)?
2
Calculate 11 + -10 - (0 + -2).
3
What is (-8 - 0) + -2 + 8?
-2
What is (6 + -8 - 2 - -11) + -11?
-4
What is the value of -6 + (17 - (-4 + 10))?
5
What is 3 + (-7 - (3 - 7)) + -2?
-2
Calculate (-2 + 1 - -4) + 1 + -5.
-1
What is the value of 4 + -11 + (1 - 2) + 2?
-6
Evaluate -2 + -8 - -15 - -1.
6
What is 8 + 4 + -5 - (-1 - -4)?
4
6 + -5 + (2 - -1) - 5
-1
Calculate (4 - (0 - 2 - -1)) + -2.
3
Calculate -2 - (-3 + (-3 - -7 - 1)).
-2
What is the value of 5 + -1 + -8 + 6?
2
What is -1 + 6 - (-2 + 13)?
-6
-17 - (-6 - (13 - 9))
-7
Evaluate -4 + 11 + 0 + -1 + -12.
-6
What is 1 - (-5 + 2 + 4)?
0
Evaluate 1 + (5 - -1 - (-2 + 6)).
3
What is -4 - (-3 - (-3 - -3))?
-1
Calculate 1 - -2 - (-8 + 4 + 3).
4
Evaluate (-11 - (10 + -10)) + 6.
-5
(0 - -6) + 2 + (4 - 7)
5
Calculate -1 + (8 - (7 - (9 - 4))).
5
What is the value 